{"id":1514,"date":"2023-11-02T10:22:02","date_gmt":"2023-11-02T10:22:02","guid":{"rendered":"https:\/\/blog.francedit.com\/?page_id=1514"},"modified":"2023-11-02T15:45:53","modified_gmt":"2023-11-02T15:45:53","slug":"test-devis","status":"publish","type":"page","link":"https:\/\/blog.francedit.com\/?page_id=1514","title":{"rendered":"Test Devis"},"content":{"rendered":"\t\t<div data-elementor-type=\"wp-page\" data-elementor-id=\"1514\" class=\"elementor elementor-1514\">\n\t\t\t\t<div class=\"elementor-element elementor-element-f0aebd0 e-flex e-con-boxed e-con e-parent\" data-id=\"f0aebd0\" data-element_type=\"container\" data-e-type=\"container\">\n\t\t\t\t\t<div class=\"e-con-inner\">\n\t\t<div class=\"elementor-element elementor-element-b2d258e e-con-full e-flex e-con e-child\" data-id=\"b2d258e\" data-element_type=\"container\" data-e-type=\"container\">\n\t\t\t\t<div class=\"elementor-element elementor-element-0342e27 elementor-widget elementor-widget-image\" data-id=\"0342e27\" data-element_type=\"widget\" data-e-type=\"widget\" data-widget_type=\"image.default\">\n\t\t\t\t<div class=\"elementor-widget-container\">\n\t\t\t\t\t\t\t\t\t\t\t\t\t\t\t<img fetchpriority=\"high\" decoding=\"async\" width=\"1024\" height=\"768\" src=\"https:\/\/blog.francedit.com\/wp-content\/uploads\/2023\/11\/alexander-shatov-mr4JG4SYOF8-unsplash-1024x768.jpg\" class=\"attachment-large size-large wp-image-1523\" alt=\"\" srcset=\"https:\/\/blog.francedit.com\/wp-content\/uploads\/2023\/11\/alexander-shatov-mr4JG4SYOF8-unsplash-1024x768.jpg 1024w, https:\/\/blog.francedit.com\/wp-content\/uploads\/2023\/11\/alexander-shatov-mr4JG4SYOF8-unsplash-300x225.jpg 300w, https:\/\/blog.francedit.com\/wp-content\/uploads\/2023\/11\/alexander-shatov-mr4JG4SYOF8-unsplash-768x576.jpg 768w, https:\/\/blog.francedit.com\/wp-content\/uploads\/2023\/11\/alexander-shatov-mr4JG4SYOF8-unsplash-1536x1152.jpg 1536w, https:\/\/blog.francedit.com\/wp-content\/uploads\/2023\/11\/alexander-shatov-mr4JG4SYOF8-unsplash-2048x1536.jpg 2048w\" sizes=\"(max-width: 1024px) 100vw, 1024px\" \/>\t\t\t\t\t\t\t\t\t\t\t\t\t\t\t<\/div>\n\t\t\t\t<\/div>\n\t\t\t\t<div class=\"elementor-element elementor-element-3420529 elementor-widget elementor-widget-text-editor\" data-id=\"3420529\" data-element_type=\"widget\" data-e-type=\"widget\" data-widget_type=\"text-editor.default\">\n\t\t\t\t<div class=\"elementor-widget-container\">\n\t\t\t\t\t\t\t\t\t<p>Lorem ipsum dolor sit amet, consectetur adipiscing elit. Ut elit tellus, luctus nec ullamcorper mattis, pulvinar dapibus leo.<\/p>\t\t\t\t\t\t\t\t<\/div>\n\t\t\t\t<\/div>\n\t\t\t\t<\/div>\n\t\t<div class=\"elementor-element elementor-element-98d17a2 e-con-full e-flex e-con e-child\" data-id=\"98d17a2\" data-element_type=\"container\" data-e-type=\"container\">\n\t\t\t\t<div class=\"elementor-element elementor-element-1c01330 elementor-widget elementor-widget-shortcode\" data-id=\"1c01330\" data-element_type=\"widget\" data-e-type=\"widget\" data-widget_type=\"shortcode.default\">\n\t\t\t\t<div class=\"elementor-widget-container\">\n\t\t\t\t\t\t\t<div class=\"elementor-shortcode\"><div class=\"forminator-ui forminator-custom-form forminator-custom-form-1513 forminator-design--default  forminator_ajax\" data-forminator-render=\"0\" data-form=\"forminator-module-1513\" data-uid=\"6a07182990492\"><br\/><\/div><form\n\t\t\t\tid=\"forminator-module-1513\"\n\t\t\t\tclass=\"forminator-ui forminator-custom-form forminator-custom-form-1513 forminator-design--default  forminator_ajax\"\n\t\t\t\tmethod=\"post\"\n\t\t\t\tdata-forminator-render=\"0\"\n\t\t\t\tdata-form-id=\"1513\"\n\t\t\t\t data-color-option=\"default\" data-design=\"default\" data-grid=\"open\" style=\"display: none;\"\n\t\t\t\tdata-uid=\"6a07182990492\"\n\t\t\t><div role=\"alert\" aria-live=\"polite\" class=\"forminator-response-message forminator-error\" aria-hidden=\"true\"><\/div><div class=\"forminator-row\"><div id=\"name-1\" class=\"forminator-field-name forminator-col forminator-col-12 \"><div class=\"forminator-row forminator-no-margin\" data-multiple=\"true\"><div class=\"forminator-col forminator-col-md-6\"><div class=\"forminator-field\"><label for=\"forminator-field-first-name-1_6a07182990492\" id=\"forminator-field-first-name-1_6a07182990492-label\" class=\"forminator-label\">Pr\u00e9nom <span class=\"forminator-required\">*<\/span><\/label><input type=\"text\" name=\"name-1-first-name\" placeholder=\"\" id=\"forminator-field-first-name-1_6a07182990492\" class=\"forminator-input\" aria-required=\"true\" data-multi=\"1\" autocomplete=\"given-name\" value=\"\" \/><\/div><\/div><div class=\"forminator-col forminator-col-md-6\"><div class=\"forminator-field\"><label for=\"forminator-field-last-name-1_6a07182990492\" id=\"forminator-field-last-name-1_6a07182990492-label\" class=\"forminator-label\">Nom <span class=\"forminator-required\">*<\/span><\/label><input type=\"text\" name=\"name-1-last-name\" placeholder=\"\" id=\"forminator-field-last-name-1_6a07182990492\" class=\"forminator-input\" aria-required=\"true\" data-multi=\"1\" autocomplete=\"family-name\" value=\"\" \/><\/div><\/div><\/div><\/div><\/div><div class=\"forminator-row\"><div id=\"email-1\" class=\"forminator-field-email forminator-col forminator-col-6 \"><div class=\"forminator-field\"><label for=\"forminator-field-email-1_6a07182990492\" id=\"forminator-field-email-1_6a07182990492-label\" class=\"forminator-label\">E-mail <span class=\"forminator-required\">*<\/span><\/label><input type=\"email\" name=\"email-1\" value=\"\" placeholder=\"\" id=\"forminator-field-email-1_6a07182990492\" class=\"forminator-input forminator-email--field\" data-required=\"true\" aria-required=\"true\" autocomplete=\"email\" \/><\/div><\/div><div id=\"phone-1\" class=\"forminator-field-phone forminator-col forminator-col-6 \"><div class=\"forminator-field\"><label for=\"forminator-field-phone-1_6a07182990492\" id=\"forminator-field-phone-1_6a07182990492-label\" class=\"forminator-label\">Num\u00e9ro de t\u00e9l\u00e9phone <span class=\"forminator-required\">*<\/span><\/label><input type=\"text\" name=\"phone-1\" value=\"\" placeholder=\"\" id=\"forminator-field-phone-1_6a07182990492\" class=\"forminator-input forminator-field--phone\" data-required=\"1\" aria-required=\"true\" autocomplete=\"off\" data-validation=\"1\" \/><\/div><\/div><\/div><div class=\"forminator-row\"><div id=\"select-1\" class=\"forminator-field-select forminator-col forminator-col-12 \"><div class=\"forminator-field\"><label for=\"forminator-form-1513__field--select-1_6a07182990492\" id=\"forminator-form-1513__field--select-1_6a07182990492-label\" class=\"forminator-label\">Votre demande concerne <span class=\"forminator-required\">*<\/span><\/label><select  id=\"forminator-form-1513__field--select-1_6a07182990492\" class=\"forminator-select--field forminator-select2 forminator-select2-multiple\" data-required=\"1\" name=\"select-1\" data-default-value=\"\" data-hidden-behavior=\"zero\" data-placeholder=\"Choisir une option\" data-search=\"false\" data-search-placeholder=\"Choisir une option\" data-checkbox=\"false\" data-allow-clear=\"false\" aria-labelledby=\"forminator-form-1513__field--select-1_6a07182990492-label\"><option value=\"\"  >Choisir une option<\/option><option value=\"one\"  data-calculation=\"0\">Un agenda<\/option><option value=\"two\"  data-calculation=\"0\">Un magazine<\/option><option value=\"Un-guide\"  data-calculation=\"0\">Un guide<\/option><option value=\"Une-carte-de-visite\"  data-calculation=\"0\">Une carte de visite<\/option><option value=\"Autre\"  data-calculation=\"0\">Autre<\/option><\/select><\/div><\/div><\/div><div class=\"forminator-row\"><div id=\"textarea-1\" class=\"forminator-field-textarea forminator-col forminator-col-12 \"><div class=\"forminator-field\"><label for=\"forminator-field-textarea-1_6a07182990492\" id=\"forminator-field-textarea-1_6a07182990492-label\" class=\"forminator-label\">Expliquez nous votre projet<\/label><textarea name=\"textarea-1\" placeholder=\"Par exemple : Je souhaite promouvoir mon activit\u00e9 dans un guide\" id=\"forminator-field-textarea-1_6a07182990492\" class=\"forminator-textarea\" rows=\"6\" style=\"--forminator-textarea-min-height:140px;\" ><\/textarea><\/div><\/div><\/div><input type=\"hidden\" name=\"referer_url\" value=\"\" \/><div class=\"forminator-row forminator-row-last\"><div class=\"forminator-col\"><div class=\"forminator-field\"><button class=\"forminator-button forminator-button-submit\">Demander un devis<\/button><\/div><\/div><\/div><input type=\"hidden\" id=\"forminator_nonce\" name=\"forminator_nonce\" value=\"5d4a8e7510\" \/><input type=\"hidden\" name=\"_wp_http_referer\" value=\"\/index.php?rest_route=%2Fwp%2Fv2%2Fpages%2F1514\" \/><input type=\"hidden\" name=\"form_id\" value=\"1513\"><input type=\"hidden\" name=\"page_id\" value=\"1514\"><input type=\"hidden\" name=\"form_type\" value=\"default\"><input type=\"hidden\" name=\"current_url\" value=\"https:\/\/blog.francedit.com\/?page_id=1514\"><input type=\"hidden\" name=\"render_id\" value=\"0\"><input type=\"hidden\" name=\"action\" value=\"forminator_submit_form_custom-forms\"><\/form>\n<\/div>\n\t\t\t\t\t\t<\/div>\n\t\t\t\t<\/div>\n\t\t\t\t<\/div>\n\t\t\t\t\t<\/div>\n\t\t\t\t<\/div>\n\t\t<div class=\"elementor-element elementor-element-da759eb e-flex e-con-boxed e-con e-parent\" data-id=\"da759eb\" data-element_type=\"container\" data-e-type=\"container\">\n\t\t\t\t\t<div class=\"e-con-inner\">\n\t\t\t\t\t<\/div>\n\t\t\t\t<\/div>\n\t\t\t\t<\/div>\n\t\t","protected":false},"excerpt":{"rendered":"<p>Lorem ipsum dolor sit amet, consectetur adipiscing elit. Ut elit tellus, luctus nec ullamcorper mattis, pulvinar dapibus leo.<\/p>\n","protected":false},"author":1,"featured_media":0,"parent":0,"menu_order":0,"comment_status":"closed","ping_status":"closed","template":"","meta":{"site-sidebar-layout":"default","site-content-layout":"","ast-site-content-layout":"default","site-content-style":"default","site-sidebar-style":"default","ast-global-header-display":"","ast-banner-title-visibility":"","ast-main-header-display":"","ast-hfb-above-header-display":"","ast-hfb-below-header-display":"","ast-hfb-mobile-header-display":"","site-post-title":"","ast-breadcrumbs-content":"","ast-featured-img":"","footer-sml-layout":"","theme-transparent-header-meta":"default","adv-header-id-meta":"","stick-header-meta":"","header-above-stick-meta":"","header-main-stick-meta":"","header-below-stick-meta":"","astra-migrate-meta-layouts":"set","ast-page-background-enabled":"default","ast-page-background-meta":{"desktop":{"background-color":"","background-image":"","background-repeat":"repeat","background-position":"center center","background-size":"auto","background-attachment":"scroll","background-type":"","background-media":"","overlay-type":"","overlay-color":"","overlay-gradient":""},"tablet":{"background-color":"","background-image":"","background-repeat":"repeat","background-position":"center center","background-size":"auto","background-attachment":"scroll","background-type":"","background-media":"","overlay-type":"","overlay-color":"","overlay-gradient":""},"mobile":{"background-color":"","background-image":"","background-repeat":"repeat","background-position":"center center","background-size":"auto","background-attachment":"scroll","background-type":"","background-media":"","overlay-type":"","overlay-color":"","overlay-gradient":""}},"ast-content-background-meta":{"desktop":{"background-color":"var(--ast-global-color-5)","background-image":"","background-repeat":"repeat","background-position":"center center","background-size":"auto","background-attachment":"scroll","background-type":"","background-media":"","overlay-type":"","overlay-color":"","overlay-gradient":""},"tablet":{"background-color":"var(--ast-global-color-5)","background-image":"","background-repeat":"repeat","background-position":"center center","background-size":"auto","background-attachment":"scroll","background-type":"","background-media":"","overlay-type":"","overlay-color":"","overlay-gradient":""},"mobile":{"background-color":"var(--ast-global-color-5)","background-image":"","background-repeat":"repeat","background-position":"center center","background-size":"auto","background-attachment":"scroll","background-type":"","background-media":"","overlay-type":"","overlay-color":"","overlay-gradient":""}},"footnotes":""},"class_list":["post-1514","page","type-page","status-publish","hentry"],"yoast_head":"<!-- This site is optimized with the Yoast SEO plugin v27.6 - https:\/\/yoast.com\/product\/yoast-seo-wordpress\/ -->\n<title>Test Devis - Blog France Edition<\/title>\n<meta name=\"robots\" content=\"index, follow, max-snippet:-1, max-image-preview:large, max-video-preview:-1\" \/>\n<link rel=\"canonical\" href=\"https:\/\/blog.francedit.com\/?page_id=1514\" \/>\n<meta property=\"og:locale\" content=\"fr_FR\" \/>\n<meta property=\"og:type\" content=\"article\" \/>\n<meta property=\"og:title\" content=\"Test Devis - Blog France Edition\" \/>\n<meta property=\"og:description\" content=\"Lorem ipsum dolor sit amet, consectetur adipiscing elit. Ut elit tellus, luctus nec ullamcorper mattis, pulvinar dapibus leo.\" \/>\n<meta property=\"og:url\" content=\"https:\/\/blog.francedit.com\/?page_id=1514\" \/>\n<meta property=\"og:site_name\" content=\"Blog France Edition\" \/>\n<meta property=\"article:publisher\" content=\"https:\/\/www.facebook.com\/francedit.multimedia\" \/>\n<meta property=\"article:modified_time\" content=\"2023-11-02T15:45:53+00:00\" \/>\n<meta property=\"og:image\" content=\"https:\/\/blog.francedit.com\/wp-content\/uploads\/2023\/11\/alexander-shatov-mr4JG4SYOF8-unsplash-1024x768.jpg\" \/>\n<meta name=\"twitter:card\" content=\"summary_large_image\" \/>\n<meta name=\"twitter:label1\" content=\"Dur\u00e9e de lecture estim\u00e9e\" \/>\n\t<meta name=\"twitter:data1\" content=\"1 minute\" \/>\n<script type=\"application\/ld+json\" class=\"yoast-schema-graph\">{\"@context\":\"https:\\\/\\\/schema.org\",\"@graph\":[{\"@type\":\"WebPage\",\"@id\":\"https:\\\/\\\/blog.francedit.com\\\/?page_id=1514\",\"url\":\"https:\\\/\\\/blog.francedit.com\\\/?page_id=1514\",\"name\":\"Test Devis - Blog France Edition\",\"isPartOf\":{\"@id\":\"https:\\\/\\\/blog.francedit.com\\\/#website\"},\"primaryImageOfPage\":{\"@id\":\"https:\\\/\\\/blog.francedit.com\\\/?page_id=1514#primaryimage\"},\"image\":{\"@id\":\"https:\\\/\\\/blog.francedit.com\\\/?page_id=1514#primaryimage\"},\"thumbnailUrl\":\"https:\\\/\\\/blog.francedit.com\\\/wp-content\\\/uploads\\\/2023\\\/11\\\/alexander-shatov-mr4JG4SYOF8-unsplash-1024x768.jpg\",\"datePublished\":\"2023-11-02T10:22:02+00:00\",\"dateModified\":\"2023-11-02T15:45:53+00:00\",\"breadcrumb\":{\"@id\":\"https:\\\/\\\/blog.francedit.com\\\/?page_id=1514#breadcrumb\"},\"inLanguage\":\"fr-FR\",\"potentialAction\":[{\"@type\":\"ReadAction\",\"target\":[\"https:\\\/\\\/blog.francedit.com\\\/?page_id=1514\"]}]},{\"@type\":\"ImageObject\",\"inLanguage\":\"fr-FR\",\"@id\":\"https:\\\/\\\/blog.francedit.com\\\/?page_id=1514#primaryimage\",\"url\":\"https:\\\/\\\/blog.francedit.com\\\/wp-content\\\/uploads\\\/2023\\\/11\\\/alexander-shatov-mr4JG4SYOF8-unsplash-scaled.jpg\",\"contentUrl\":\"https:\\\/\\\/blog.francedit.com\\\/wp-content\\\/uploads\\\/2023\\\/11\\\/alexander-shatov-mr4JG4SYOF8-unsplash-scaled.jpg\",\"width\":2560,\"height\":1920},{\"@type\":\"BreadcrumbList\",\"@id\":\"https:\\\/\\\/blog.francedit.com\\\/?page_id=1514#breadcrumb\",\"itemListElement\":[{\"@type\":\"ListItem\",\"position\":1,\"name\":\"Accueil\",\"item\":\"https:\\\/\\\/blog.francedit.com\\\/\"},{\"@type\":\"ListItem\",\"position\":2,\"name\":\"Test Devis\"}]},{\"@type\":\"WebSite\",\"@id\":\"https:\\\/\\\/blog.francedit.com\\\/#website\",\"url\":\"https:\\\/\\\/blog.francedit.com\\\/\",\"name\":\"Blog France Edition\",\"description\":\"Blog France Edition Multimedia\",\"publisher\":{\"@id\":\"https:\\\/\\\/blog.francedit.com\\\/#organization\"},\"potentialAction\":[{\"@type\":\"SearchAction\",\"target\":{\"@type\":\"EntryPoint\",\"urlTemplate\":\"https:\\\/\\\/blog.francedit.com\\\/?s={search_term_string}\"},\"query-input\":{\"@type\":\"PropertyValueSpecification\",\"valueRequired\":true,\"valueName\":\"search_term_string\"}}],\"inLanguage\":\"fr-FR\"},{\"@type\":\"Organization\",\"@id\":\"https:\\\/\\\/blog.francedit.com\\\/#organization\",\"name\":\"Blog France Edition\",\"url\":\"https:\\\/\\\/blog.francedit.com\\\/\",\"logo\":{\"@type\":\"ImageObject\",\"inLanguage\":\"fr-FR\",\"@id\":\"https:\\\/\\\/blog.francedit.com\\\/#\\\/schema\\\/logo\\\/image\\\/\",\"url\":\"https:\\\/\\\/blog.francedit.com\\\/wp-content\\\/uploads\\\/2023\\\/10\\\/cropped-fem-logo-carre-fotor-bg-remover-2023102615525-1.png\",\"contentUrl\":\"https:\\\/\\\/blog.francedit.com\\\/wp-content\\\/uploads\\\/2023\\\/10\\\/cropped-fem-logo-carre-fotor-bg-remover-2023102615525-1.png\",\"width\":500,\"height\":500,\"caption\":\"Blog France Edition\"},\"image\":{\"@id\":\"https:\\\/\\\/blog.francedit.com\\\/#\\\/schema\\\/logo\\\/image\\\/\"},\"sameAs\":[\"https:\\\/\\\/www.facebook.com\\\/francedit.multimedia\",\"https:\\\/\\\/www.linkedin.com\\\/company\\\/france-edition-multimdia\\\/\"]}]}<\/script>\n<!-- \/ Yoast SEO plugin. -->","yoast_head_json":{"title":"Test Devis - Blog France Edition","robots":{"index":"index","follow":"follow","max-snippet":"max-snippet:-1","max-image-preview":"max-image-preview:large","max-video-preview":"max-video-preview:-1"},"canonical":"https:\/\/blog.francedit.com\/?page_id=1514","og_locale":"fr_FR","og_type":"article","og_title":"Test Devis - Blog France Edition","og_description":"Lorem ipsum dolor sit amet, consectetur adipiscing elit. Ut elit tellus, luctus nec ullamcorper mattis, pulvinar dapibus leo.","og_url":"https:\/\/blog.francedit.com\/?page_id=1514","og_site_name":"Blog France Edition","article_publisher":"https:\/\/www.facebook.com\/francedit.multimedia","article_modified_time":"2023-11-02T15:45:53+00:00","og_image":[{"url":"https:\/\/blog.francedit.com\/wp-content\/uploads\/2023\/11\/alexander-shatov-mr4JG4SYOF8-unsplash-1024x768.jpg","type":"","width":"","height":""}],"twitter_card":"summary_large_image","twitter_misc":{"Dur\u00e9e de lecture estim\u00e9e":"1 minute"},"schema":{"@context":"https:\/\/schema.org","@graph":[{"@type":"WebPage","@id":"https:\/\/blog.francedit.com\/?page_id=1514","url":"https:\/\/blog.francedit.com\/?page_id=1514","name":"Test Devis - Blog France Edition","isPartOf":{"@id":"https:\/\/blog.francedit.com\/#website"},"primaryImageOfPage":{"@id":"https:\/\/blog.francedit.com\/?page_id=1514#primaryimage"},"image":{"@id":"https:\/\/blog.francedit.com\/?page_id=1514#primaryimage"},"thumbnailUrl":"https:\/\/blog.francedit.com\/wp-content\/uploads\/2023\/11\/alexander-shatov-mr4JG4SYOF8-unsplash-1024x768.jpg","datePublished":"2023-11-02T10:22:02+00:00","dateModified":"2023-11-02T15:45:53+00:00","breadcrumb":{"@id":"https:\/\/blog.francedit.com\/?page_id=1514#breadcrumb"},"inLanguage":"fr-FR","potentialAction":[{"@type":"ReadAction","target":["https:\/\/blog.francedit.com\/?page_id=1514"]}]},{"@type":"ImageObject","inLanguage":"fr-FR","@id":"https:\/\/blog.francedit.com\/?page_id=1514#primaryimage","url":"https:\/\/blog.francedit.com\/wp-content\/uploads\/2023\/11\/alexander-shatov-mr4JG4SYOF8-unsplash-scaled.jpg","contentUrl":"https:\/\/blog.francedit.com\/wp-content\/uploads\/2023\/11\/alexander-shatov-mr4JG4SYOF8-unsplash-scaled.jpg","width":2560,"height":1920},{"@type":"BreadcrumbList","@id":"https:\/\/blog.francedit.com\/?page_id=1514#breadcrumb","itemListElement":[{"@type":"ListItem","position":1,"name":"Accueil","item":"https:\/\/blog.francedit.com\/"},{"@type":"ListItem","position":2,"name":"Test Devis"}]},{"@type":"WebSite","@id":"https:\/\/blog.francedit.com\/#website","url":"https:\/\/blog.francedit.com\/","name":"Blog France Edition","description":"Blog France Edition Multimedia","publisher":{"@id":"https:\/\/blog.francedit.com\/#organization"},"potentialAction":[{"@type":"SearchAction","target":{"@type":"EntryPoint","urlTemplate":"https:\/\/blog.francedit.com\/?s={search_term_string}"},"query-input":{"@type":"PropertyValueSpecification","valueRequired":true,"valueName":"search_term_string"}}],"inLanguage":"fr-FR"},{"@type":"Organization","@id":"https:\/\/blog.francedit.com\/#organization","name":"Blog France Edition","url":"https:\/\/blog.francedit.com\/","logo":{"@type":"ImageObject","inLanguage":"fr-FR","@id":"https:\/\/blog.francedit.com\/#\/schema\/logo\/image\/","url":"https:\/\/blog.francedit.com\/wp-content\/uploads\/2023\/10\/cropped-fem-logo-carre-fotor-bg-remover-2023102615525-1.png","contentUrl":"https:\/\/blog.francedit.com\/wp-content\/uploads\/2023\/10\/cropped-fem-logo-carre-fotor-bg-remover-2023102615525-1.png","width":500,"height":500,"caption":"Blog France Edition"},"image":{"@id":"https:\/\/blog.francedit.com\/#\/schema\/logo\/image\/"},"sameAs":["https:\/\/www.facebook.com\/francedit.multimedia","https:\/\/www.linkedin.com\/company\/france-edition-multimdia\/"]}]}},"_links":{"self":[{"href":"https:\/\/blog.francedit.com\/index.php?rest_route=\/wp\/v2\/pages\/1514","targetHints":{"allow":["GET"]}}],"collection":[{"href":"https:\/\/blog.francedit.com\/index.php?rest_route=\/wp\/v2\/pages"}],"about":[{"href":"https:\/\/blog.francedit.com\/index.php?rest_route=\/wp\/v2\/types\/page"}],"author":[{"embeddable":true,"href":"https:\/\/blog.francedit.com\/index.php?rest_route=\/wp\/v2\/users\/1"}],"replies":[{"embeddable":true,"href":"https:\/\/blog.francedit.com\/index.php?rest_route=%2Fwp%2Fv2%2Fcomments&post=1514"}],"version-history":[{"count":22,"href":"https:\/\/blog.francedit.com\/index.php?rest_route=\/wp\/v2\/pages\/1514\/revisions"}],"predecessor-version":[{"id":1544,"href":"https:\/\/blog.francedit.com\/index.php?rest_route=\/wp\/v2\/pages\/1514\/revisions\/1544"}],"wp:attachment":[{"href":"https:\/\/blog.francedit.com\/index.php?rest_route=%2Fwp%2Fv2%2Fmedia&parent=1514"}],"curies":[{"name":"wp","href":"https:\/\/api.w.org\/{rel}","templated":true}]}}